vided by 14575.
14568
Calculate the remainder when 1734954 is divided by 636.
582
What is the remainder when 31312575 is divided by 29?
28
What is the remainder when 69946 is divided by 1574?
690
Calculate the remainder when 10865477 is divided by 679091.
21
What is the remainder when 1062570 is divided by 177091?
24
Calculate the remainder when 9233849 is divided by 118.
113
Calculate the remainder when 323678 is divided by 3670.
718
What is the remainder when 559392 is divided by 69924?
0
What is the remainder when 5478244 is divided by 311?
290
Calculate the remainder when 12257121 is divided by 11.
8
What is the remainder when 765526 is divided by 2279?
2061
Calculate the remainder when 228526 is divided by 13438.
80
Calculate the remainder when 383037 is divided by 3418.
221
Calculate the remainder when 448174 is divided by 12.
10
Calculate the remainder when 4570 is divided by 485.
205
What is the remainder when 38593376 is divided by 54?
8
What is the remainder when 8169281 is divided by 918?
917
Calculate the remainder when 17324730 is divided by 45954.
72
What is the remainder when 121901994 is divided by 17?
9
Calculate the remainder when 13525503 is divided by 202.
189
Calculate the remainder when 3078733 is divided by 2085.
1273
Calculate the remainder when 47654301 is divided by 72.
21
What is the remainder when 262988 is divided by 1461?
8
What is the remainder when 1434418 is divided by 335?
283
Calculate the remainder when 17051506 is divided by 214.
200
Calculate the remainder when 743909 is divided by 177.
155
Calculate the remainder when 8163838 is divided by 402.
22
What is the remainder when 16021557 is divided by 12?
9
What is the remainder when 9183832 is divided by 29155?
7
What is the remainder when 61771 is divided by 20575?
46
What is the remainder when 184104331 is divided by 356?
355
Calculate the remainder when 3757716 is divided by 4867.
392
What is the remainder when 11790545 is divided by 655027?
59
Calculate the remainder when 17006832 is divided by 293221.
14
What is the remainder when 869164 is divided by 3184?
3116
What is the remainder when 196779 is divided by 447?
99
What is the remainder when 589325 is divided by 53?
18
What is the remainder when 229415 is divided by 45872?
55
What is the remainder when 587987 is divided by 3118?
1803
What is the remainder when 12032439 is divided by 911?
862
What is the remainder when 486625 is divided by 540?
85
What is the remainder when 16778586 is divided by 29?
27
What is the remainder when 6315 is divided by 3831?
2484
Calculate the remainder when 46491389 is divided by 55.
54
What is the remainder when 179539 is divided by 902?
41
What is the remainder when 673857 is divided by 107?
78
Calculate the remainder when 219225 is divided by 2192.
25
What is the remainder when 65478308 is divided by 789?
776
What is the remainder when 384485 is divided by 16?
5
Calculate the remainder when 706254 is divided by 29427.
6
Calculate the remainder when 457443 is divided by 228652.
139
Calculate the remainder when 5009035 is divided by 735.
10
Calculate the remainder when 1148534317 is divided by 970.
967
Calculate the remainder when 1421348 is divided by 473727.
167
Calculate the remainder when 215756 is divided by 4313.
106
Calculate the remainder when 35091467 is divided by 2064203.
16
Calculate the remainder when 150026 is divided by 542.
434
Calculate the remainder when 6710701 is divided by 143.
140
What is the remainder when 2827126 is divided by 941841?
1603
What is the remainder when 761164 is divided by 444?
148
What is the remainder when 7375396 is divided by 224?
196
Calculate the remainder when 56986 is divided by 195.
46
Calculate the remainder when 18005299 is divided by 2250656.
51
What is the remainder when 3737751 is divided by 77?
17
Calculate the remainder when 183872 is divided by 183789.
83
What is the remainder when 160049 is divided by 44?
21
What is the remainder when 657435 is divided by 595?
555
What is the remainder when 298925 is divided by 13587?
11
Calculate the remainder when 120859 is divided by 940.
539
What is the remainder when 3568295 is divided by 3568277?
18
What is the remainder when 119072 is divided by 18476?
8216
Calculate the remainder when 845719 is divided by 38.
29
Calculate the remainder when 79289 is divided by 118.
111
Calculate the remainder when 106189 is divided by 375.
64
What is the remainder when 95565 is divided by 65?
15
What is the remainder when 7023327 is divided by 638482?
25
Calculate the remainder when 312406030 is divided by 16.
14
Calculate the remainder when 6599233 is divided by 2626.
95
Calculate the remainder when 16571513 is divided by 274.
267
Calculate the remainder when 753858 is divided by 1791.
1638
What is the remainder when 1036565 is divided by 103649?
75
Calculate the remainder when 1384040 is divided by 5840.
5800
Calculate the remainder when 832088 is divided by 69340.
8
What is the remainder when 43408 is divided by 2128?
848
Calculate the remainder when 15151508 is divided by 152.
148
Calculate the remainder when 20121407 is divided by 10147.
10053
What is the remainder when 26999322 is divided by 212593?
11
What is the remainder when 52883 is divided by 4313?
1127
Calculate the remainder when 2398267 is divided by 206.
15
What is the remainder when 39876914 is divided by 2977?
2976
What is the remainder when 184602 is divided by 266?
264
Calculate the remainder when 64361310 is divided by 1214364.
18
Calculate the remainder when 5603 is divided by 198.
59
Calculate the remainder when 2725406 is divided by 619.
568
What is the remainder when 125463 is divided by 24926?
833
What is the remainder when 253475 is divided by 51?
5
What is the remainder when 1713345 is divided by 2131?
21
What is the remainder when 7195995 is divided by 201?
195
Calculate the remainder when 13982 is divided by 423.
23
What is the remainder when 408389061 is divided by 53?
52
What is the remainder when 829182 is divided by 3239?
3237
Calculate the remainder when 1491133 is divided by 306.
301
Calculate the remainder when 203457 is divided by 203401.
56
Calculate the remainder when 642059 is divided by 320556.
947
Calculate the remainder when 273906 is divided by 430.
426
What is the remainder when 23173904 is divided by 726?
710
Calculate the remainder when 12469053 is divided by 419.
32
Calculate the remainder when 6381101 is divided by 19105.
31
What is the remainder when 4724496 is divided by 220?
216
Calculate the remainder when 867057 is divided by 12040.
177
Calculate the remainder when 1960139 is divided by 4228.
2575
What is the remainder when 2359267 is divided by 786418?
13
Calculate the remainder when 1741484 is divided by 215.
199
What is the remainder when 136664 is divided by 1824?
1688
What is the remainder when 439720 is divided by 165?
160
What is the remainder when 879950 is divided by 861?
8
What is the remainder when 12061404 is divided by 488?
484
Calculate the remainder when 202885 is divided by 5339.
3
What is the remainder when 770934 is divided by 906?
834
What is the remainder when 473779 is divided by 6499?
5851
What is the remainder when 9197811 is divided by 613176?
171
What is the remainder when 196908 is divided by 212?
172
What is the remainder when 14618 is divided by 8?
2
What is the remainder when 15644503 is divided by 945?
28
What is the remainder when 6286539 is divided by 804?
63
What is the remainder when 165423 is divided by 4878?
4449
Calculate the remainder when 441623 is divided by 49068.
11
Calculate the remainder when 18906 is divided by 18846.
60
What is the remainder when 1352698 is divided by 450883?
49
Calculate the remainder when 372074 is divided by 4326.
38
What is the remainder when 1331881 is divided by 68?
33
What is the remainder when 1605970 is divided by 15442?
2
Calculate the remainder when 67862334 is divided by 4143.
4137
What is the remainder when 52261996 is divided by 125?
121
What is the remainder when 21739859 is divided by 127?
126
What is the remainder when 66423 is divided by 9431?
406
Calculate the remainder when 258916 is divided by 2104.
124
What is the remainder when 48201 is divided by 1927?
26
Calculate the remainder when 142879 is divi